o?
13, 443
Let x(k) = 6*k**3 + 3*k**2 - k - 9. Suppose 3*l - 2*z = 7, 6 = 5*z - 14. Suppose -8 = -y - l. What are the prime factors of x(y)?
3, 59
Suppose 1328 + 1060 = 12*h. Suppose 6*l + h = x + l, 2*x = -3*l + 463. List the prime factors of x.
2, 7
Let k be (-4)/3*9/(-3)*1. Suppose 1827 = 5*p + k*p. List the prime factors of p.
7, 29
Suppose -p + 4*h = 6*h - 2298, 0 = -4*h + 16. List the prime factors of p.
2, 5, 229
Let v(j) = -5*j**2 + j + 3. Let b be v(2). Let m be b/140*-8*14/4. Let q(h) = 3*h**2 - h - 10. List the prime factors of q(m).
2, 7
Let v(c) = -c**2. Let g(h) = -2*h**3 + 2*h**2 - 2*h - 2. Let p(z) = -g(z) + v(z). What are the prime factors of p(2)?
2, 5
Let s be 14 - 4775/250 - (3/10)/(-3). Let f be (-2)/4*-2*-38. Let l = s - f. What are the prime factors of l?
3, 11
Suppose 23*x - 110 = 13*x. Suppose 0 = -x*a + 6513 + 3519. List the prime factors of a.
2, 3, 19
Suppose 3*z + 16 = -d, -4*d - 19 = 2*z + z. What are the prime factors of 38428/(-130)*d/((-4)/(-10))?
739
Let o(j) = -3*j**3 - 51*j**2 - 512*j - 137. What are the prime factors of o(-21)?
15907
Let k(c) = -21*c**3 - 42*c**2 - 142*c + 17. List the prime factors of k(-9).
2, 7, 23, 41
Suppose -4*m + 77 = 109, 2*m - 110885 = -3*i. List the prime factors of i.
7, 5281
Suppose -m + 2*s = 40, -2*m = 3*m + 2*s + 164. Suppose 41*j = 51*j - 70. Let o = j - m. What are the prime factors of o?
41
Suppose -4*b = 2*b - 30. Suppose 0 = -z - 9 + b. What are the prime factors of 18272/304 - z/(-38)?
2, 3, 5
Let c(j) = 8*j**3 - 44*j**2 + 8*j + 44. What are the prime factors of c(10)?
2, 7, 19
Suppose -4 = -2*p, -6*p + 8*p - 8 = -w. Suppose 2*m = -3*y + y, 0 = 4*y - 2*m. Suppose w*q - 83 - 209 = y. List the prime factors of q.
73
List the prime factors of 7123 + -10*(-39)/26.
2, 43, 83
Suppose -3*g + 5*k + 556 = -2891, -4*g = -4*k - 4588. Suppose 10*p = -24 + g. List the prime factors of p.
2, 7
Suppose -7*l - 2229 = -269. Let k = -150 - l. What are the prime factors of k?
2, 5, 13
Let c(k) = 14*k**2 + 22*k + 1529. What are the prime factors of c(56)?
3, 5, 17, 61
Let l(w) = 46*w**3 + 13*w**2 - 4*w - 2. List the prime factors of l(5).
6053
Let h = 46 + -43. Suppose -h*f + 915 = 2*f + 2*n, 0 = -4*f - n + 732. What are the prime factors of f?
3, 61
Suppose 0 = k - 7*k + 18. Suppose 24*h - 7938 = k*h. List the prime factors of h.
2, 3, 7
Let a(n) = n**3 + 12*n**2 + 11*n - 4. Let l be a(-9). List the prime factors of l*10/((-40)/(-6)).
2, 3, 5, 7
Let l be (-1992)/(-104) + 4/(-26). Let r = -43 + l. List the prime factors of (276/(-9))/(16/r).
2, 23
Let h = 3005 - 1772. List the prime factors of h.
3, 137
Suppose 0 = -3*v - v - 20, 0 = -4*t + 5*v + 55277. What are the prime factors of t/15 - 202/(-1515)?
3, 307
Let l(r) be the second derivative of -r**5/20 + 19*r**4/12 - 2*r**3 - 43*r**2/2 + 25*r. Let m be l(18). Let h = 141 - m. What are the prime factors of h?
2, 19
List the prime factors of 3 - 66832/32*-14.
2, 14621
Let c(s) = 52*s - 67. Let z be c(7). Let v be 2 + (-7 - -2) + 7. Suppose z = 3*d - 2*m - m, -v*d - 5*m + 369 = 0. What are the prime factors of d?
2, 3
Let a(w) be the first derivative of 0 + 2 - 1 + w**2 + 6 + 12*w. What are the prime factors of a(9)?
2, 3, 5
Let v = 11 + 26. Suppose -7*a + v = -1916. What are the prime factors of a?
3, 31
Suppose 2527 - 9547 = -26*h. Let r = -224 + h. List the prime factors of r.
2, 23
Let j(g) = -g**2 + 12*g + 18. Let x be j(13). Suppose -x*q = 3*n - 14223, q = -0*q - 3*n + 2847. Suppose c - q = -11*c. List the prime factors of c.
3, 79
Let y(s) = s**2 - 2*s - 10. Let i be y(5). Suppose 0 = -8*l - i*l + 845. Suppose -b + l = 3*w - 3*b, -b = -5. List the prime factors of w.
5
Let l be (-4 + 2)/((-3)/2 + 2). What are the prime factors of 2*(l + 3) + 97 + 3?
2, 7
Let n(t) = 22328*t**2 + 72*t - 55. What are the prime factors of n(1)?
5, 41, 109
Suppose 6*m - m = 4*a - 109, 3*a - 96 = -m. Let q(j) = 13*j + 273. Let n be q(-19). Suppose n*g = a*g - 385. What are the prime factors of g?
7, 11
Let h(q) = -q - 2. Let s be h(-4). Suppose 0 = 163*a - 132*a - 1054. Suppose l - y - 129 + a = 0, -3*y = s*l - 215. What are the prime factors of l?
2, 5
Suppose -397416 = 9*m - 34*m + m. What are the prime factors of m?
29, 571
Let t be 3/(-30) + 4353/30. List the prime factors of 696/t*((-2 - -3) + 109).
2, 3, 11
Let z(o) = -o**3 - 25*o**2 - 54*o + 11. Let i be z(-22). Let m = i + 264. List the prime factors of m.
11
Suppose 35*t - 31*t - 4 = 0. Let b(g) = 99*g**2 - 2*g. List the prime factors of b(t).
97
Suppose 6*l + 14 = 2. Let y be -1 + 76/12 + l/(-3). List the prime factors of 1/2 + -209*(-3)/y.
3, 5, 7
Let d = 1491 + 10780. What are the prime factors of d?
7, 1753
Suppose 5*l - 6*l = -2. Let t be 113/l - (-87)/(-58). Suppose -c - 5*k = -t, -3*c - k - 20 + 199 = 0. List the prime factors of c.
2, 3, 5
What are the prime factors of (-41739)/(-9) + (1 - (22/(-3) + 10))?
2, 19, 61
Suppose -4*j = 4*t - 21926 - 44934, -5*j - t + 83591 = 0. List the prime factors of j.
3, 5573
Suppose 4537606 = 271*j - 1360980. What are the prime factors of j?
2, 10883
Suppose -4*x = -3 - 5. Suppose x*m - 128 = -6. Suppose 0 = -n + 5*n + c - m, -3*n - 2*c = -47. What are the prime factors of n?
3, 5
Let h = 4940 - 3358. Suppose 0 = 78*c - 79*c + h. List the prime factors of c.
2, 7, 113
Suppose -3*k - 948 = -4*k + 3*x, 2*k = 2*x + 1900. Suppose -5*v - 111 + k = 0. Let i = v - 53. List the prime factors of i.
5, 23
Suppose 1285 = -8*m + 5253. Let j be (2/(-6))/(1/3) - 351. Let t = m + j. List the prime factors of t.
2, 3
Let o be 1 + 2 - (-16 + 19). Suppose o = -2*q + 4*n + 18, -6 - 3 = 3*n. Suppose q*b = 9*b - 1656. List the prime factors of b.
2, 3, 23
Suppose -25*i - 735 = -4910. List the prime factors of i.
167
Suppose 136*u - 65*u + 363356 = 99*u. List the prime factors of u.
19, 683
Let d(g) = 15*g**2 + 72*g - 19. Let x be d(-17). Suppose -3*a + i + x = 0, 2*i + 0*i - 2 = 0. List the prime factors of a.
1031
Suppose 3*y + 2*y - 1130 = 0. Suppose y = 2*z + 42. Suppose z = 3*m - 7. List the prime factors of m.
3, 11
Suppose -100*r + 104*r = 5*s - 24637, 4*s + 5*r - 19644 = 0. What are the prime factors of s?
7, 19, 37
What are the prime factors of 5398/6*(3 - -12)?
5, 2699
Let s = 31397 - 12012. What are the prime factors of s?
5, 3877
Suppose 1016*f + 5*b = 1012*f + 40366, -3*f = b - 30280. List the prime factors of f.
2, 7, 103
Suppose 6*q - 83573 = -32*q + 77053. What are the prime factors of q?
3, 1409
Suppose 2*b - 4 = 0, -5017 = -2*s + 4*b + 5625. Suppose s = -910*j + 915*j. What are the prime factors of j?
3, 5, 71
Let r = -99 + 103. Suppose -r*z = o - 527, 4*o + 2699 = 9*o + 4*z. What are the prime factors of o?
3, 181
Let r(q) = -322*q**2 + 2*q - 25. Let s(n) = 215*n**2 - 2*n + 17. Let v(a) = 5*r(a) + 8*s(a). List the prime factors of v(3).
983
Suppose 4*w = -2*z - 0*w + 780, -4*z + w = -1605. Suppose -6*j + z = -14*j. Let y = j + 151. List the prime factors of y.
101
Suppose 2*r + 7*p - 16110 = 3*p, 0 = 5*r + 3*p - 40289. What are the prime factors of r?
8059
Suppose 5*b - 4*d + 9 = 0, -2*d + 2 + 5 = -3*b. List the prime factors of (1 - b/(-4)) + 198697/212.
937
Let f = 17933 - 9791. What are the prime factors of f?
2, 3, 23, 59
Suppose -4*a = -u - 6538, 3*u = 16*a - 12*a - 6534. What are the prime factors of a?
3, 5, 109
Let w(u) = -1626*u**3 + 8*u**2 - 13*u + 1. List the prime factors of w(-2).
73, 179
Let r = 3924 + -3515. List the prime factors of r.
409
Let o = 138 - 136. Let g(l) = 277*l + 79. What are the prime factors of g(o)?
3, 211
Let l = -29 - -226. Suppose 823 = 5*b - l. List the prime factors of b.
2, 3, 17
Let x(t) = 3*t - 21. Let y be x(8). Suppose -y*n = -2*j + 3*j - 42, -j + 50 = n. What are the prime factors of j?
2, 3
Suppose 50*c - 646240 = -6*c. What are the prime factors of c?
2, 5, 577
Let f(d) = -2*d - 1. Let l be f(0). Let v be (-1)/(-2) + 18/12*9. What are the prime factors of (v - (-1 - l)) + -2?
2, 3
Suppose -8*j = 56*j - 4*j - 608940. What are the prime factors of j?
3, 17, 199
Let y be (-7027)/(-4) + (-1)/(-4). Let s = -1046 + y. What are the prime factors of s?
3, 79
Suppose 0 = 2*d - 0 - 10. Suppose 0 = -2*v + 1 + d. Suppose j - 240 = -v*j. What are the prime factors of j?
2, 3, 5
Suppose 2*p - 5*i = 19, 3*i = -5*p - i - 2.